7. Let q be i(-15). Let w be (-246)/(-4)*q*-1. Suppose 2*u = w + 163. Is u a prime number?
False
Suppose n - 3*n = -26. Suppose 4*a = -n + 33. Suppose -4*q - 4*k = -296, -a*k = -3*q - 0*q + 246. Is q a composite number?
True
Let z = 11652 + -3821. Is z a composite number?
True
Let u = -25 + 27. Suppose -z - 1124 = -3*b, b + 4*b - u*z - 1875 = 0. Is b a composite number?
False
Let v be 0 - -3 - 1/(-1). Let x be (-4)/(1 + 1 - v). Is (166/(-4))/((-1)/x) a composite number?
False
Suppose -5*t + 8 = 3. Let v(a) = -10*a - 2. Let d be v(t). Is (-2439)/d - 2/8 prime?
False
Let f = 2240 - -131. Is f a prime number?
True
Let h(q) = q**2 - q - 15. Suppose 0 = -4*f - 0*f - 20. Is h(f) prime?
False
Let z(o) = -6*o**3 - 9*o**2 + 9*o + 10. Let p(b) = -5*b**3 - 8*b**2 + 8*b + 9. Let i(x) = 5*p(x) - 4*z(x). Let y be i(-6). Let w = 104 + y. Is w a prime number?
True
Suppose 10*p - 16*p = -32442. Is p a composite number?
False
Let d(w) = 82*w**2 - 3*w - 1. Let g = 0 - 2. Let m be d(g). Suppose 5*q + 5*a - m = 2*q, -5*q + 5*a + 555 = 0. Is q a composite number?
True
Suppose -87*f + 30025 = -82*f. Is f a composite number?
True
Suppose f = 2*f - 721. Suppose -3*b = 2352 - 900. Let x = f + b. Is x a prime number?
False
Let d = -46441 + 89404. Is d a composite number?
True
Suppose -3*z - 3*m = -246165, 4*z + 2*m - 328230 = 3*m. Is z a prime number?
False
Let k(s) = -2*s - 6. Let x be k(-4). Suppose -x*d + 0*d + 1354 = 0. Is d a prime number?
True
Suppose 0 = 4*a - 122 - 54. Suppose 13173 = -41*m + a*m. Is m composite?
False
Suppose -5*w - 22 = -4*a, 20 = -5*w + w + 4*a. Is (190/20)/(w/(-52)) prime?
False
Let m(d) = -4*d**2 + 5*d - 7. Let l be m(6). Let x = 906 + l. Is x prime?
False
Let z(j) = -45*j**3 + 9*j**2 - 10*j - 25. Is z(-6) a prime number?
True
Let q = -13 + 8. Is 1 + 2 + q + 1275 prime?
False
Suppose -393 = -3*p + 1626. Suppose 3*t - 212 = p. Is t composite?
True
Let o(w) = -w**3 + 7*w**2 + 10*w - 11. Let p be o(8). Let h be -2 - p - (-5 - -1). Is (1 + 2)*(-14)/h prime?
False
Suppose 55*s = -18*s + 3052495. Is s a composite number?
True
Is (-7694)/6*(3 - 6) a composite number?
False
Suppose 5*h = 4 - 44. Let p(u) = 25 - 14 - 26*u - 14*u. Is p(h) composite?
False
Let f = -1096 - -3822. Let d = f + -1471. Is d a prime number?
False
Suppose 10*s - 13730 + 3060 = 0. Is s a prime number?
False
Let g be (0/4)/1 + 2. Let s(j) = -3*j**2 - g*j + 3 - 2*j**2 + 2*j**3 + 2*j + 2*j. Is s(6) prime?
False
Let q = 6 - 4. Suppose q*a + m - 281 = -3*a, 2*a - m = 111. Let f = -35 + a. Is f a composite number?
True
Let u(d) = d**2 - 60*d + 46. Is u(-39) a composite number?
False
Let y(g) = 2642*g - 43. Is y(6) prime?
True
Suppose -7*z + 6*z - 1 = 0. Is (z/(-1))/((-5)/(-95)) a composite number?
False
Suppose -2*a - 50 = 3*a. Let f be -5*(-3 - 26/a). Suppose -f*r + 2*c = -1530, -2*r - 3813 = -7*r - c. Is r prime?
False
Suppose -19 = -11*l + 25. Suppose 2*q = k - 17, -7*q = -4*q + 2*k + 22. Is 194*(-1*l)/q a composite number?
False
Let s be (-24)/40 + 113/5. Suppose 17*a - s*a = -695. Is a a composite number?
False
Let c(l) = -2*l - 3. Let t be c(-3). Suppose 3*f - 1121 = -2*f + 3*q, -t*f - 4*q = -690. Is f composite?
True
Let r(s) = 57*s**2 + 21*s - 67. Is r(8) prime?
False
Let l = -4704 + 8297. Is l prime?
True
Let c be (-4)/18 + (-12748)/(-18). Let u = 372 - 593. Let o = c + u. Is o composite?
False
Let w = 5714 - 3297. Is w composite?
False
Suppose 2*l - 828 = -5*t, 2 + 2 = -2*t. Is l a composite number?
False
Suppose 9*y - 4*y + 40 = 0. Let l be (y/12)/(1/(-3)). Suppose -l*f = f - 381. Is f a prime number?
True
Let h(f) be the second derivative of -2*f**2 + 0 + 107/6*f**3 + 7*f. Is h(3) composite?
False
Suppose -48 = w - 183. Suppose 4*o = 61 + w. Is o a composite number?
True
Let s(d) = 170*d - 20. Let t be s(-7). Let a = 1977 + t. Is a prime?
False
Is (-766458)/(-168) + (-2)/8 composite?
True
Suppose 4*r - 6*k + k = 3523, 5*r + 3*k = 4450. Is r a composite number?
False
Let a(f) = -f**3 + 8*f**2 + 11*f - 12. Let l be a(9). Is (((-32)/l)/8)/((-2)/3309) prime?
True
Let q = 21 - 17. Suppose q*v + 3*d = 1206 - 193, d = 5*v - 1271. Is v prime?
False
Let f(h) = 64*h**3 - 4*h**2 - 7*h + 12. Let g be f(-5). Let r = -4644 - g. Is r a prime number?
False
Let l(u) = 58*u - 18*u + 63*u + 65*u + 7. Suppose 0 = 4*r - 2*p - 14, 3*r - p - 16 = -5. Is l(r) prime?
False
Suppose -5*a = -15 - 40. Let m(b) = -a + 9 + 22 - 107*b. Is m(-9) prime?
True
Let i be (-5)/(((-5)/(-5))/(-1)). Is (i - 4)*((3 - -2934) + 2) a composite number?
False
Let c(s) = 20*s - 13*s + 0 - 1 + 20*s. Is c(2) a composite number?
False
Let j be 5 - (-2 - (3 + -7)). Suppose 0 = 4*h - 8. Suppose j*x = 20 - h. Is x composite?
True
Let n = -1973 - -5196. Is n prime?
False
Suppose 5*z + 4*o = 43331, 8*o = -z + 6*o + 8671. Is z a prime number?
True
Let q be 50/(-20)*8/10 + 100. Let x = 35 + q. Is x composite?
True
Suppose -6*a = -4*a. Let n(y) = -4*y**3 + y - 4. Let d be n(-3). Suppose a = -4*o - 5*x + d, 0*o = -o - x + 24. Is o prime?
True
Let n = 3600 - 2317. Let y(f) = -f**2 + 9*f + 10. Let z be y(11). Is (n/(-4))/(3/z) composite?
False
Let f be -4 - 6*(-2)/3. Suppose 5*w - 3122 + 687 = f. Is w a prime number?
True
Let g = -13 + 21. Let x be (g/20)/(1/5). Suppose 5*y - 690 = -2*m, -4*m + x*y + 795 + 537 = 0. Is m a composite number?
True
Suppose 2499*t - 2496*t - 19857 = 0. Is t composite?
False
Suppose -5*z - c + 5*c = -96277, 0 = 4*z + 5*c - 76997. Is z a prime number?
False
Let v(d) = 87*d**2 - 4*d + 9. Let i(x) = -x**3 - 9*x**2 + 10*x + 4. Let y be i(-10). Is v(y) a prime number?
False
Suppose -z + 27 = -6*c + 3*c, -3*c - 2*z = 36. Let w(u) = -170*u + 9. Is w(c) prime?
True
Let u = -2850 - -5000. Suppose -8618 = -4*k - 2*w, 3*k = 2*k + w + u. Is k a composite number?
False
Suppose 2*s - 5730 = 2*f - 1332, f + 2207 = 3*s. Let i = 3162 + f. Is i a prime number?
True
Let p be (-1)/(1 + (-75)/70). Is 3286/p - 40/(-140) composite?
True
Let o = -19 - -21. Suppose -2*q = o*u - 232 + 2, 2*u + 6 = 0. Is q prime?
False
Let j be (12/(-10))/((-6)/(-5020)). Let h = -611 - j. Is (-4)/(-14) - h/(-21) a composite number?
False
Suppose -g - 2*g - j = -26, 4*j = -5*g + 55. Is 2/g + 10446/42 prime?
False
Suppose 3*b - 2*w + 51 = -107, w + 46 = -b. Let z = 276 + b. Is z composite?
True
Let k(o) = -17 - 5*o + 3*o + 13 - 3*o + o**2. Let q be k(6). Suppose -q*a - 2*a = -2708. Is a a prime number?
True
Let x(m) = 4*m - 21. Let z be x(6). Suppose k + 2404 = 2*f - k, z*f = -4*k + 3613. Is f composite?
True
Let z = -4220 - -7129. Is z a prime number?
True
Suppose 0 = 5*c + 316 - 3496. Let t = c - 157. Is t prime?
True
Let x be (-2 + 0)/((-20)/50). Suppose x = -2*c - 21. Let s(p) = -p**3 - 13*p**2 - 6*p - 7. Is s(c) prime?
True
Suppose 0 = 33*b + 41932 - 109681. Is b composite?
False
Let w(d) = -172*d - 493. Is w(-11) a composite number?
False
Let y(z) = 743*z - 33. Is y(14) composite?
False
Suppose -4*s + 20 = 4. Let m(z) = -z**3 + 5*z**2 - z - 5. Let p be m(s). Is p/35 - (-784)/5 composite?
False
Let u = 174 - -17. Is u a composite number?
False
Suppose 5 = -2*j + 25. Suppose -j*n + 4202 = n. Is n prime?
False
Let r be (-34)/(-6) - 2/(-6). Let u = 60 - 35. Suppose -c - r = -u. Is c a composite number?
False
Let s(l) = 4*l + 9. Let b be s(-3). Is (938/b)/(-4 - 70/(-21)) a prime number?
False
Suppose 0 = 4*o - 4*d - 0*d + 12, 2*o + d - 9 = 0. Suppose -1085 = -2*s + g, 0 = -3*s + g - o*g + 1620. Is s a prime number?
True
Let m = -4 - 2. Let z(r) = r + 8. Let b be z(m). Let f = b - -11. Is f prime?
True
Let g be (-38)/(-10) - 13/(-65). Is 339 - ((1 - g) + 1) composite?
True
Let j be 2 - -1*(1 - -1). Suppose -n - 1380 = 3*n + u, 690 = -2*n - j*u. Let o = 520 - n. Is o composite?
True
Let r = 15 - 7. Suppose 4*l - 2*l + 4*a + r = 0, 3*l + 2*a = 0. Suppose -5*i + l*x = -425, -x + 6*x = 0. Is i prime?
False
Let v = 2246 + 4823. Is v a composite number?
False
Suppose -4503 - 48 = -3*o. Let u = o + -834. Is u a composite number?
False
Let v be (-99)/(-36) + (-3)/(-12). Is 239*v/(-6)*-2 prime?
True
Suppose 2 = -2*m, h + 19 = -2*h - 4*m. Let a(n) = 23*n + 10. Let c(v) = 23*v + 9. Let z(j) = -3*a(j) + 2*c(j). Is z(h) a prime number?
True
Let n(d) = 7*d + 4. Let u be n(3). Suppose o = 13 + u. Is o composite?
True
Suppose 23349 = 5*a + 2*q - 78330, 0 = -4*